ert 2202 (base 4) to base 12.
116
-10001001 (base 4) to base 8
-40101
What is -376 (base 11) in base 10?
-446
-11820 (base 9) to base 13
-3810
Convert 1111000000000 (base 2) to base 16.
1e00
What is 50422 (base 6) in base 16?
19ee
Convert -2014 (base 12) to base 7.
-13060
What is -10212 (base 3) in base 6?
-252
What is -10110001010000 (base 2) in base 10?
-11344
Convert -4b3 (base 13) to base 4.
-30312
What is 3acc (base 13) in base 10?
8449
What is 15713 (base 8) in base 15?
2195
2392 (base 11) to base 8
6066
Convert 22112012 (base 3) to base 11.
4740
20d (base 14) to base 9
500
Convert 11321131 (base 4) to base 11.
17171
What is -14c76 (base 15) in base 9?
-111733
-14610 (base 12) to base 10
-28524
-ed41 (base 15) to base 13
-19b34
What is -16a (base 14) in base 7?
-563
-4227 (base 10) to base 13
-1c02
What is -1280 (base 10) in base 13?
-776
What is 1932 (base 11) in base 14?
c75
Convert -421 (base 12) to base 13.
-373
What is -3263 (base 12) in base 15?
-199c
What is 210012221 (base 3) in base 15?
48b4
Convert 6a8 (base 16) to base 3.
2100010
-12020 (base 6) to base 15
-7b0
Convert -10110110 (base 3) to base 12.
-1563
What is -2222 (base 7) in base 9?
-1078
What is 69d6 (base 14) in base 3?
221021002
-27712 (base 13) to base 14
-1cc03
Convert 312a (base 11) to base 9.
5616
What is -524 (base 8) in base 6?
-1324
Convert 8114 (base 9) to base 10.
5926
What is -20111212 (base 3) in base 13?
-2213
What is -240525 (base 6) in base 16?
-51c5
What is 58401 (base 11) in base 12?
40982
What is 1a2c3 (base 14) in base 13?
24302
Convert 12311112 (base 4) to base 9.
42350
Convert -34b (base 14) to base 12.
-467
What is -6765 (base 8) in base 15?
-10d3
Convert 37993 (base 10) to base 6.
451521
Convert -a38 (base 15) to base 2.
-100011111111
-13320 (base 5) to base 2
-10000111101
Convert -a4 (base 12) to base 3.
-11121
What is -7261 (base 10) in base 8?
-16135
What is 973 (base 10) in base 2?
1111001101
-3921 (base 10) to base 16
-f51
102211000 (base 3) to base 12
4b99
-41b (base 14) to base 10
-809
What is -1351 (base 11) in base 2?
-11011010110
66070 (base 8) to base 4
12300320
b2b (base 13) to base 6
12440
Convert 225520 (base 6) to base 14.
710c
-11210230 (base 4) to base 2
-101100100101100
Convert -1147 (base 8) to base 11.
-50a
5d28 (base 14) to base 5
1010204
Convert -21130 (base 4) to base 9.
-741
Convert -425a5 (base 11) to base 6.
-1154442
What is -11341 (base 5) in base 7?
-2316
What is 2022212210 (base 3) in base 8?
131420
-203d (base 15) to base 5
-204213
Convert 35031 (base 7) to base 12.
5210
Convert 10001000 (base 2) to base 14.
9a
What is -1158 (base 12) in base 11?
-1504
What is 10111001010 (base 2) in base 3?
2000220
34213 (base 5) to base 12
14a9
Convert -3312331 (base 4) to base 14.
-5a8d
What is -b477 (base 12) in base 10?
-19675
What is a774 (base 14) in base 7?
150204
-10000010001 (base 2) to base 8
-2021
41d (base 14) to base 9
1101
What is 2545 (base 8) in base 16?
565
-576 (base 11) to base 2
-1010110000
ae24 (base 15) to base 13
13a71
54504 (base 9) to base 13
135a3
-2422033 (base 5) to base 15
-d62d
-14511 (base 7) to base 11
-3030
What is 52443 (base 7) in base 5?
403133
Convert 12523 (base 7) to base 8.
6425
What is 20041 (base 5) in base 10?
1271
-32111310 (base 4) to base 10
-58740
What is -3c67 (base 13) in base 7?
-34243
Convert -76271 (base 10) to base 12.
-3817b
34e (base 16) to base 10
846
Convert -a0a (base 11) to base 8.
-2304
43313 (base 5) to base 8
5616
Convert -565 (base 9) to base 6.
-2052
-4643 (base 11) to base 16
-17d1
What is -10668 (base 11) in base 9?
-23156
Convert -141311 (base 5) to base 14.
-21a7
What is -b25 (base 12) in base 10?
-1613
Convert 26d (base 14) to base 16.
1e9
572 (base 11) to base 10
684
What is -5b (base 12) in base 7?
-131
-1000010100100 (base 2) to base 5
-114020
Convert -98a (base 15) to base 9.
-2854
Convert -122201112 (base 3) to base 12.
-7588
-121324 (base 5) to base 9
-6258
What is -2430 (base 6) in base 4?
-21102
-1406 (base 8) to base 11
-644
-49c (base 14) to base 3
-1021011
37174 (base 8) to base 9
23843
298 (base 12) to base 7
1115
Convert 354 (base 7) to base 12.
136
10330 (base 5) to base 16
2cb
-10e2 (base 16) to base 6
-32002
3898 (base 12) to base 2
1100100110100
What is 139 (base 14) in base 12?
187
Convert -13160 (base 10) to base 15.
-3d75
What is -110000010 (base 2) in base 13?
-239
-62b (base 14) to base 6
-5343
-8801 (base 10) to base 6
-104425
What is 2811 (base 11) in base 12?
2136
Convert 1232213 (base 4) to base 14.
2819
What is -1094 (base 10) in base 15?
-4ce
-2525 (base 6) to base 2
-1001110101
What is 34203 (base 5) in base 15?
abd
1577 (base 9) to base 16
4b4
Convert 1453 (base 7) to base 16.
241
What is 594 (base 10) in base 13?
369
Convert 637d (base 14) to base 13.
7a73
What is 3c23 (base 15) in base 13?
5b11
Convert -32dd (base 16) to base 15.
-3cd1
What is -26521 (base 10) in base 6?
-322441
-139 (base 13) to base 11
-188
What is 1242 (base 14) in base 7?
12212
100122011 (base 3) to base 14
27ba
What is 412 (base 7) in base 8?
315
-33436 (base 7) to base 11
-6397
-7521 (base 9) to base 12
-3247
-203031 (base 4) to base 11
-1769
-62152 (base 8) to base 13
-b915
Convert 1783 (base 9) to base 2.
10101011011
What is -10010101 (base 2) in base 14?
-a9
-20 (base 10) to base 5
-40
2022002 (base 3) to base 11
1294
What is -629a (base 13) in base 14?
-4d8b
-13ab (base 12) to base 4
-203303
Convert -202313 (base 4) to base 14.
-b55
What is -3311 (base 5) in base 14?
-248
What is -12771 (base 12) in base 15?
-775a
What is -2f3 (base 16) in base 3?
-1000222
Convert 170461 (base 8) to base 14.
18705
380 (base 14) to base 16
2bc
What is 3581 (base 9) in base 7?
10525
What is -32735 (base 10) in base 12?
-16b3b
-122011 (base 3) to base 7
-1231
Convert 2132 (base 5) to base 4.
10210
Convert 7ca6 (base 13) to base 4.
10102013
Convert 26367 (base 9) to base 3.
220102021
What is -27745 (base 10) in base 3?
-1102001121
What is 1227 (base 11) in base 12?
b16
-1371 (base 8) to base 2
-1011111001
30300 (base 5) to base 12
1166
Convert -3455 (base 7) to base 9.
-1655
What is -2144 (base 13) in base 11?
-351a
-2413 (base 16) to base 9
-13601
Convert -1001101000111 (base 2) to base 9.
-6683
ce (base 15) to base 13
11c
What is -10776 (base 12) in base 4?
-11111022
What is -2721 (base 13) in base 8?
-12744
-3424022 (base 5) to base 2
-1110111011010001
2403441 (base 5) to base 6
540502
Convert -5400 (base 8) to base 11.
-2130
What is -45ad (base 14) in base 6?
-132021
What is -3b1d (base 15) in base 9?
-18281
Convert -4144 (base 6) to base 15.
-41d
What is 64136 (base 7) in base 11?
10a03
What is 232306 (base 7) in base 4?
22022320
Convert 3310304 (base 5) to base 4.
31321322
What is -22246 (base 7) in base 12?
-3304
-5518 (base 11) to base 9
-10877
Convert 1010000000000011 (base 2) to base 4.
22000003
What is 2625 (base 11) in base 15?
102a
Convert -7658 (base 9) to base 15.
-1a12
10501 (base 7) to base 13
1288
Convert 8078 (base 10) to base 9.
12065
Convert -516 (base 10) to base 2.
-1000000100
323 (base 12) to base 10
459
241121 (base 5) to base 10
8911
Convert -22364 (base 7) to base 14.
-20db
What is -1125423 (base 6) in base 3?
-2221220220
What is 44362 (base 7) in base 5?
324132
-1020301 (base 4) to base 16
-1231
Convert -60467 (base 9) to base 11.
-27958
What is 30140 (base 8) in base 13?
5838
-31132301 (base 4) to base 12
-27b55
Convert 71215 (base 8) to base 3.
1111020010
2a0 (base 11) to base 6
1344
Convert -13 (base 16) to base 5.
-34
2d5 (base 14) to base 13
357
What is 10bc (base 15) in base 13?
1803
What is 42 (base 16) in base 7?
123
13ea4 (base 15) to base 9
106771
What is 1992 (base 12) in base 15?
dde
Convert 55155 (base 7) to base 4.
3113301
-263 (base 14) to base 2
-111011111
480 (base 9) to base 14
204
-2707 (base 8) to base 6
-10503
What is -112002 (base 4) in base 16?
-582
Convert -124330 (base 5) to base 3.
-20210220
What is -189a4 (base 12) in base 13?
-134b9
Convert -55334 (base 7) to base 3.
-201001112
What is -312 (base 9) in base 4?
-3332
What is 352 (base 14) in base 5?
10120
Convert -200130 (base 4) to base 3.
-2211220
What is 10557 (base 11) in base 2?
11101111001100
Convert 220121 (base 4) to base 6.
15545
Convert 132 (base 12) to base 